remainder when 35496 is divided by 97?
91
Calculate the remainder when 15755 is divided by 2559.
401
Calculate the remainder when 2280 is divided by 66.
36
Calculate the remainder when 67232 is divided by 2320.
2272
Calculate the remainder when 295149 is divided by 147570.
9
Calculate the remainder when 13660 is divided by 138.
136
What is the remainder when 28329 is divided by 7013?
277
Calculate the remainder when 3650 is divided by 79.
16
Calculate the remainder when 18648 is divided by 137.
16
What is the remainder when 1505 is divided by 383?
356
What is the remainder when 215923 is divided by 18?
13
Calculate the remainder when 16027 is divided by 12.
7
Calculate the remainder when 229319 is divided by 28.
27
Calculate the remainder when 2629 is divided by 258.
49
What is the remainder when 133380 is divided by 361?
171
What is the remainder when 2211 is divided by 387?
276
What is the remainder when 165120 is divided by 63?
60
Calculate the remainder when 240452 is divided by 90.
62
What is the remainder when 4367 is divided by 190?
187
What is the remainder when 7488 is divided by 70?
68
What is the remainder when 18402 is divided by 2036?
78
What is the remainder when 24118 is divided by 9?
7
Calculate the remainder when 8132 is divided by 436.
284
What is the remainder when 699079 is divided by 31?
29
What is the remainder when 13998 is divided by 250?
248
Calculate the remainder when 3418 is divided by 67.
1
Calculate the remainder when 35181 is divided by 159.
42
Calculate the remainder when 14094 is divided by 172.
162
What is the remainder when 1201912 is divided by 533?
530
What is the remainder when 6175 is divided by 1123?
560
What is the remainder when 1168 is divided by 924?
244
What is the remainder when 706 is divided by 142?
138
What is the remainder when 583 is divided by 61?
34
Calculate the remainder when 2709 is divided by 188.
77
Calculate the remainder when 15288 is divided by 285.
183
What is the remainder when 180048 is divided by 138?
96
Calculate the remainder when 3759153 is divided by 54.
51
What is the remainder when 16432 is divided by 3758?
1400
What is the remainder when 3405 is divided by 629?
260
Calculate the remainder when 48874 is divided by 37.
34
Calculate the remainder when 421696 is divided by 402.
400
What is the remainder when 62308 is divided by 86?
44
Calculate the remainder when 846 is divided by 273.
27
Calculate the remainder when 3389 is divided by 1693.
3
Calculate the remainder when 502138 is divided by 121.
109
Calculate the remainder when 2480 is divided by 2206.
274
Calculate the remainder when 2279 is divided by 549.
83
Calculate the remainder when 145051 is divided by 91.
88
What is the remainder when 471 is divided by 240?
231
Calculate the remainder when 43787 is divided by 20.
7
Calculate the remainder when 2102 is divided by 1973.
129
Calculate the remainder when 11167 is divided by 47.
28
Calculate the remainder when 27811 is divided by 19.
14
Calculate the remainder when 78780 is divided by 185.
155
What is the remainder when 16007 is divided by 6?
5
What is the remainder when 12658 is divided by 4200?
58
Calculate the remainder when 39957 is divided by 1537.
1532
Calculate the remainder when 16229 is divided by 21.
17
Calculate the remainder when 321716 is divided by 85.
76
What is the remainder when 1607666 is divided by 6?
2
What is the remainder when 16634 is divided by 3?
2
What is the remainder when 4377 is divided by 880?
857
Calculate the remainder when 97010 is divided by 222.
218
Calculate the remainder when 57266 is divided by 395.
386
Calculate the remainder when 1110 is divided by 16.
6
Calculate the remainder when 48237 is divided by 120.
117
Calculate the remainder when 291087 is divided by 14.
13
Calculate the remainder when 202936 is divided by 547.
546
Calculate the remainder when 3198 is divided by 229.
221
Calculate the remainder when 32313 is divided by 20.
13
Calculate the remainder when 2086796 is divided by 888.
884
Calculate the remainder when 17308 is divided by 234.
226
Calculate the remainder when 13945 is divided by 6.
1
Calculate the remainder when 62645 is divided by 6958.
23
What is the remainder when 9048 is divided by 84?
60
Calculate the remainder when 190290 is divided by 411.
408
What is the remainder when 2112 is divided by 169?
84
What is the remainder when 3109 is divided by 91?
15
Calculate the remainder when 32399 is divided by 2157.
44
What is the remainder when 65065 is divided by 27?
22
Calculate the remainder when 7222 is divided by 74.
44
What is the remainder when 118287 is divided by 8?
7
Calculate the remainder when 177133 is divided by 1384.
1365
Calculate the remainder when 6594 is divided by 116.
98
Calculate the remainder when 276289 is divided by 80.
49
What is the remainder when 21086 is divided by 3492?
134
Calculate the remainder when 9636947 is divided by 108.
107
What is the remainder when 64488 is divided by 21?
18
Calculate the remainder when 110351 is divided by 66.
65
What is the remainder when 15667 is divided by 2605?
37
What is the remainder when 704 is divided by 137?
19
What is the remainder when 114138 is divided by 57067?
4
What is the remainder when 16774 is divided by 3?
1
Calculate the remainder when 25600 is divided by 21.
1
What is the remainder when 37299 is divided by 165?
9
Calculate the remainder when 37931 is divided by 116.
115
What is the remainder when 311560 is divided by 44507?
11
Calculate the remainder when 2443 is divided by 1161.
121
Calculate the remainder when 1313 is divided by 620.
73
Calculate the remainder when 4436 is divided by 747.
701
Calculate the remainder when 15983 is divided by 1597.
13
What is the remainder when 6132 is divided by 58?
42
Calculate the remainder when 858 is divided by 41.
38
Calculate the remainder when 2462 is divided by 1045.
372
What is the remainder when 15291 is divided by 54?
9
Calculate the remainder when 58731 is divided by 220.
211
Calculate the remainder when 85112 is divided by 448.
440
Calculate the remainder when 801 is divided by 72.
9
What is the remainder when 2689 is divided by 2676?
13
Calculate the remainder when 1872 is divided by 435.
132
Calculate the remainder when 5108 is divided by 514.
482
Calculate the remainder when 495 is divided by 338.
157
Calculate the remainder when 2532 is divided by 252.
12
Calculate the remainder when 113 is divided by 90.
23
Calculate the remainder when 1807 is divided by 33.
25
What is the remainder when 5532 is divided by 24?
12
What is the remainder when 7455 is divided by 1486?
25
What is the remainder when 1012 is divided by 139?
39
Calculate the remainder when 612564 is divided by 261.
258
Calculate the remainder when 19700 is divided by 4899.
104
What is the remainder when 3309 is divided by 51?
45
What is the remainder when 27543 is divided by 112?
103
What is the remainder when 80829 is divided by 539?
518
What is the remainder when 26399 is divided by 614?
611
Calculate the remainder when 1931 is divided by 26.
7
Calculate the remainder when 27585 is divided by 1805.
510
What is the remainder when 13537 is divided by 1495?
82
Calculate the remainder when 3058 is divided by 762.
10
What is the remainder when 708 is divided by 444?
264
What is the remainder when 8616 is divided by 123?
6
What is the remainder when 314005 is divided by 11214?
13
What is the remainder when 47066 is divided by 41?
39
What is the remainder when 74846 is divided by 89?
86
What is the remainder when 951 is divided by 82?
49
Calculate the remainder when 31009 is divided by 15489.
31
Calculate the remainder when 514603 is divided by 435.
433
What is the remainder when 8763 is divided by 4373?
17
Calculate the remainder when 1178 is divided by 20.
18
Calculate the remainder when 699180 is divided by 40.
20
Calculate the remainder when 6391 is divided by 1264.
71
What is the remainder when 4174 is divided by 10?
4
Calculate the remainder when 101366 is divided by 156.
122
Calculate the remainder when 327505 is divided by 767.
763
What is the remainder when 4954 is divided by 171?
166
Calculate the remainder when 25106 is divided by 1335.
1076
Calculate the remainder when 52916 is divided by 392.
388
What is the remain